 is divided by 227?
223
Calculate the remainder when 26102 is divided by 4336.
86
Calculate the remainder when 11137 is divided by 348.
1
What is the remainder when 45665 is divided by 14?
11
Calculate the remainder when 44053 is divided by 2936.
13
What is the remainder when 29691 is divided by 129?
21
Calculate the remainder when 395 is divided by 192.
11
What is the remainder when 8345 is divided by 1204?
1121
Calculate the remainder when 8051 is divided by 44.
43
What is the remainder when 407 is divided by 398?
9
Calculate the remainder when 16644 is divided by 33.
12
Calculate the remainder when 4510 is divided by 12.
10
Calculate the remainder when 140278 is divided by 888.
862
Calculate the remainder when 3718 is divided by 529.
15
Calculate the remainder when 4218 is divided by 221.
19
What is the remainder when 45389 is divided by 17?
16
What is the remainder when 56447 is divided by 168?
167
Calculate the remainder when 52961 is divided by 486.
473
Calculate the remainder when 12924 is divided by 4297.
33
Calculate the remainder when 35728 is divided by 1483.
136
Calculate the remainder when 31389 is divided by 15624.
141
Calculate the remainder when 58018 is divided by 75.
43
What is the remainder when 169284 is divided by 87?
69
What is the remainder when 350026 is divided by 35002?
6
Calculate the remainder when 19823 is divided by 901.
1
Calculate the remainder when 4133 is divided by 352.
261
What is the remainder when 44521 is divided by 318?
1
Calculate the remainder when 7109 is divided by 608.
421
What is the remainder when 927813 is divided by 343?
341
What is the remainder when 98005 is divided by 96?
85
What is the remainder when 37769 is divided by 49?
39
Calculate the remainder when 1622025 is divided by 116.
113
What is the remainder when 5821 is divided by 1891?
148
What is the remainder when 14765 is divided by 8?
5
Calculate the remainder when 145228 is divided by 105.
13
Calculate the remainder when 100352 is divided by 43.
33
What is the remainder when 13971 is divided by 137?
134
Calculate the remainder when 150 is divided by 25.
0
Calculate the remainder when 1785 is divided by 529.
198
Calculate the remainder when 1848534 is divided by 60.
54
Calculate the remainder when 362479 is divided by 65.
39
Calculate the remainder when 131129 is divided by 533.
11
What is the remainder when 102290 is divided by 34090?
20
What is the remainder when 169177 is divided by 371?
1
What is the remainder when 15321 is divided by 3760?
281
What is the remainder when 1875 is divided by 90?
75
What is the remainder when 27195 is divided by 16?
11
Calculate the remainder when 1467 is divided by 1054.
413
What is the remainder when 154895 is divided by 3?
2
Calculate the remainder when 795998 is divided by 376.
6
What is the remainder when 11918 is divided by 123?
110
What is the remainder when 3194 is divided by 82?
78
What is the remainder when 200339 is divided by 252?
251
Calculate the remainder when 114242 is divided by 417.
401
What is the remainder when 14106 is divided by 14085?
21
What is the remainder when 959565 is divided by 1528?
1509
What is the remainder when 1111 is divided by 351?
58
Calculate the remainder when 419097 is divided by 133.
14
Calculate the remainder when 10623 is divided by 26.
15
Calculate the remainder when 254752 is divided by 18.
16
What is the remainder when 131702 is divided by 808?
806
Calculate the remainder when 35415 is divided by 98.
37
What is the remainder when 23930 is divided by 23?
10
Calculate the remainder when 464 is divided by 113.
12
Calculate the remainder when 5314 is divided by 2411.
492
Calculate the remainder when 312046 is divided by 88.
86
Calculate the remainder when 224254 is divided by 146.
144
Calculate the remainder when 47691 is divided by 11920.
11
Calculate the remainder when 26288 is divided by 26268.
20
Calculate the remainder when 553375 is divided by 16.
15
What is the remainder when 148724 is divided by 559?
30
What is the remainder when 19720 is divided by 2395?
560
What is the remainder when 370 is divided by 43?
26
Calculate the remainder when 7101 is divided by 592.
589
What is the remainder when 4218 is divided by 200?
18
Calculate the remainder when 3339 is divided by 724.
443
Calculate the remainder when 26300 is divided by 6573.
8
Calculate the remainder when 1136 is divided by 62.
20
Calculate the remainder when 335 is divided by 117.
101
Calculate the remainder when 1939 is divided by 67.
63
What is the remainder when 2671 is divided by 2661?
10
What is the remainder when 45432 is divided by 15140?
12
Calculate the remainder when 128290 is divided by 107.
104
Calculate the remainder when 117797 is divided by 174.
173
Calculate the remainder when 5723 is divided by 2735.
253
Calculate the remainder when 7989 is divided by 24.
21
What is the remainder when 19253 is divided by 422?
263
What is the remainder when 39538 is divided by 1469?
1344
Calculate the remainder when 12960 is divided by 3219.
84
Calculate the remainder when 200947 is divided by 93.
67
Calculate the remainder when 3071 is divided by 236.
3
Calculate the remainder when 68146 is divided by 702.
52
Calculate the remainder when 23850 is divided by 67.
65
Calculate the remainder when 45861 is divided by 296.
277
Calculate the remainder when 3259 is divided by 807.
31
Calculate the remainder when 233462 is divided by 1086.
1058
What is the remainder when 750825 is divided by 343?
341
What is the remainder when 157294 is divided by 52430?
4
Calculate the remainder when 204133 is divided by 15.
13
Calculate the remainder when 155381 is divided by 62.
9
What is the remainder when 3546 is divided by 142?
138
Calculate the remainder when 8290 is divided by 2667.
289
What is the remainder when 1965519 is divided by 790?
789
What is the remainder when 33933 is divided by 16942?
49
What is the remainder when 7671 is divided by 4?
3
Calculate the remainder when 1970 is divided by 205.
125
What is the remainder when 33485 is divided by 2092?
13
Calculate the remainder when 103680 is divided by 768.
0
What is the remainder when 8307 is divided by 220?
167
What is the remainder when 2102 is divided by 2096?
6
What is the remainder when 373 is divided by 87?
25
What is the remainder when 224 is divided by 144?
80
Calculate the remainder when 204941 is divided by 29.
27
Calculate the remainder when 967501 is divided by 26.
15
Calculate the remainder when 17312 is divided by 873.
725
Calculate the remainder when 50954 is divided by 1034.
288
Calculate the remainder when 2079 is divided by 229.
18
What is the remainder when 70484 is divided by 274?
66
What is the remainder when 52717 is divided by 4792?
5
What is the remainder when 17084 is divided by 175?
109
Calculate the remainder when 29575 is divided by 510.
505
Calculate the remainder when 735882 is divided by 35.
7
What is the remainder when 5057 is divided by 70?
17
What is the remainder when 3104 is divided by 73?
38
Calculate the remainder when 87855 is divided by 853.
849
Calculate the remainder when 117216 is divided by 55.
11
What is the remainder when 35167 is divided by 1841?
188
Calculate the remainder when 58759 is divided by 69.
40
Calculate the remainder when 7442 is divided by 608.
146
What is the remainder when 20553 is divided by 160?
73
Calculate the remainder when 25887 is divided by 227.
9
Calculate the remainder when 16672 is divided by 327.
322
Calculate the remainder when 239049 is divided by 35.
34
What is the remainder when 889 is divided by 181?
165
Calculate the remainder when 3772 is divided by 791.
608
Calculate the remainder when 3092 is divided by 135.
122
Calculate the remainder when 47910 is divided by 541.
302
Calculate the remainder when 28568 is divided by 2040.
8
Calculate the remainder when 78162 is divided by 19386.
618
What is the remainder when 143638 is divided by 4?
2
Calculate the remainder when 9751 is divided by 100.
51
Calculate the remainder when 29948 is divided by 143.
61
Calculate the remainder when 22162 is divided by 1476.
22
Calculate the remainder when 3353 is divided by 228.
161
Calculate the remainder when 70080 is divided by 9.
6
Calculate the remainder when 228338 is divided by 10.
8
Cal